en 85 is divided by (-30)/4*6/(-1)?
40
Suppose 37 = 2*j - 25. Calculate the remainder when 119 is divided by j.
26
Let k = -24 + 25. Let g(b) = 3*b**2 + 1. Let f be g(-1). Suppose 40 = f*n - 2*u, k + 1 = -u. Calculate the remainder when 25 is divided by n.
7
Let m = 20 + -8. Calculate the remainder when m is divided by 7.
5
Suppose -2*r + 2*a = 5*a - 21, -15 = -5*a. Let o = -3 + r. Suppose -2*d + 15 = o. What is the remainder when 11 is divided by d?
5
Suppose -4*k = -5*k + 39. Let b(t) = 8*t - 6. Let z(n) = -n. Let j(a) = -b(a) - 6*z(a). Calculate the remainder when k is divided by j(-7).
19
Let d = -11 - -35. Calculate the remainder when 68 is divided by d.
20
Let l(p) = -p**2 - 204. Let y be l(0). Suppose 0 = 3*q - 3*m - 36, -3*q + 3*m = -2*q - 12. Calculate the remainder when ((-2)/3)/(4/y) is divided by q.
10
Let t = 23 - 9. What is the remainder when 41 is divided by t?
13
Let q be (11 - -2)*20/4. Let y = 191 + -109. Suppose 0 = 3*t - y - q. What is the remainder when t is divided by 17?
15
Let l(w) be the first derivative of -w**4/4 + 7*w**3/3 + 9*w + 2. What is the remainder when 24 is divided by l(7)?
6
What is the remainder when ((-1)/(-3))/((-7)/(-1029)) is divided by 17?
15
Let u = 5 - 4. Calculate the remainder when -43*3/(-2 - u) is divided by 22.
21
Let d(i) = -4*i**3 - 3*i**2 - i - 1. Let z(s) = 2*s - 6. Let o be z(6). Let t = o + -8. Calculate the remainder when d(t) is divided by 6.
3
Suppose 182 = 5*q - 188. Suppose -x - 6 = -3*x. Suppose 0 = -x*p + p + q. Calculate the remainder when p is divided by 19.
18
Suppose 3*n - 8*n = -5*c + 100, 0 = -c + 2*n + 19. Calculate the remainder when 61 is divided by c.
19
Suppose -2*a + 8*a = 168. What is the remainder when a is divided by 16?
12
Let f(k) = k**3 + 7*k**2 - 3*k + 8. What is the remainder when 56 is divided by f(-7)?
27
Let f(u) = u + 8. Let a be f(-5). Calculate the remainder when -94*((-5)/(-2) - a) is divided by 25.
22
Suppose -6*o = -o - 40. Let c(a) = -a**3 - 18*a**2 + 20*a + 24. Calculate the remainder when o is divided by c(-19).
3
Calculate the remainder when -4 + 74 + (3 - 6) is divided by 21.
4
Let n = -165 - -324. What is the remainder when n is divided by 54?
51
Let x be (-2)/2*(-1 - 4). Calculate the remainder when (0 - -13) + (x - 7) is divided by 7.
4
Let x(l) = -l**3 + 8*l**2 + 12*l - 8. Let g = -20 + 29. What is the remainder when x(g) is divided by 5?
4
Suppose -2*g = -2 - 8. Suppose -m = -2*t, 2*t + 0*t - 12 = -5*m. Let h = t - -2. What is the remainder when g is divided by h?
2
Let g(i) = -2*i - 1. Suppose -4*j = -5 + 17. Suppose 0*w = -3*w + 27. Calculate the remainder when w is divided by g(j).
4
Let b = 28 - 11. What is the remainder when 49 is divided by b?
15
Let z(n) = -n**2 - 4*n + 7. Let m be z(-5). Let y be -1*-10*(-1 - m). Calculate the remainder when 2 is divided by 2/(-12) + (-65)/y.
0
Let z = 14 + 36. Calculate the remainder when z is divided by 26.
24
Suppose 0 = 3*x - 15, 2*k + 4*x - 8 = 4*k. What is the remainder when 28 is divided by k?
4
Let j(b) = b**3 + 5*b**2 + 3*b + 1. Suppose -i + 12 = -4*i. Calculate the remainder when 19 is divided by j(i).
4
Let j = 204 - 126. Calculate the remainder when j is divided by 10.
8
Suppose -5*f - 3 = -8. What is the remainder when 58 is divided by f/(-2) + 123/6?
18
Calculate the remainder when 14 is divided by ((-49)/(-14))/(3/6 + 0).
0
Let z be -2 - (2 + 0 + 4). Calculate the remainder when 9 is divided by (-9)/(-4)*z/(-3).
3
Let u(k) = -k**3 + 2*k**2 + 4*k + 5. Suppose -5*l = 6 + 4. What is the remainder when 143/4 - l/8 is divided by u(-2)?
10
Calculate the remainder when (-160)/(-4) - (2 + 2) is divided by 13.
10
Let j(r) = r**3 + 6*r**2 - 10*r - 9. Calculate the remainder when 23 is divided by j(-7).
11
Let b(c) = 11*c**3 + 2*c**2 - 2*c + 1. Let s = 10 + -9. Calculate the remainder when 35 is divided by b(s).
11
Suppose 4*u + 30 = -94. Let b = u - -49. Suppose 5*r = 4*c + 186, -66 = -3*r + 4*c + 52. What is the remainder when r is divided by b?
16
Let v = 23 + -18. Suppose 0 = -k + 1, -4*k = v*p - 2*p - 52. What is the remainder when 47 is divided by p?
15
What is the remainder when 59 is divided by 46/6*((-12)/(-6) - -1)?
13
Let m(p) = 3*p**2 + 6*p + 5. Let r be (-14)/3 - 4/(-6). Suppose -2 = 2*x - 22. Calculate the remainder when m(r) is divided by x.
9
What is the remainder when (0 + -2)*-3*6 is divided by (-1)/(20/(-19) - -1)?
17
Let n(f) = -3*f**3 - 4*f**2 - 2*f. Let v(z) = -z**2 + 7*z - 2. Let d = -4 - -11. Let b be v(d). Calculate the remainder when 34 is divided by n(b).
10
Let r = 44 - 17. What is the remainder when r is divided by 10?
7
Let c(i) = -9 + 2*i**2 - 4*i - 6*i**2 + 0*i**2 + 5*i**2. Calculate the remainder when 45 is divided by c(7).
9
Suppose 16 = 2*h - 2. Suppose -h = -2*c - x, -5*x + 1 = -c - 0*x. What is the remainder when c is divided by -7*(-1)/7*2?
0
Let b(c) = -1. Let w(n) = -n - 11. Let y(o) = 18*b(o) - 2*w(o). Let d be y(-3). Let s = d - -5. Calculate the remainder when 5 is divided by s.
2
Calculate the remainder when 453/3 + (-1)/(2/(-4)) is divided by 39.
36
Let l(y) = -y**2 + 4*y + 3. Let h be l(4). Let b be h/2*(-2 + 4). Suppose -89 = -4*i + b*w, -4*i = -2*i + w - 47. What is the remainder when i is divided by 12?
11
Let g(o) = -o**3 + 6*o**2 - 2*o - 6. Calculate the remainder when 25 is divided by g(5).
7
Let i(q) = q + 2. Let a(o) = -o**2 - 27*o + 41. What is the remainder when a(-28) is divided by i(2)?
1
Suppose y = -5*s, -2*y + 82 = -5*s + 7. Suppose -3*d = -4*d + 5*m + 29, -4*d = -4*m - 52. What is the remainder when y is divided by d?
7
Let q = -77 + 47. Let c be q/(-9)*12/10. Suppose c*t - 3 - 25 = 0. Calculate the remainder when t is divided by 4.
3
Let j = 9 + -17. Let t = j - -19. Calculate the remainder when 321/15 - 2/5 is divided by t.
10
Suppose -v - 16 + 17 = 0. What is the remainder when 3 is divided by v?
0
Let v(z) = z**3 - 4*z**2 - 22*z + 14. Calculate the remainder when 13 is divided by v(7).
6
Suppose 2*y = 2*z - y - 33, 5*z + y = 57. Calculate the remainder when 66 is divided by z.
6
Suppose 3*g = -g - 2*b + 16, 0 = b + 2. Calculate the remainder when 7 is divided by g.
2
Let q(h) = 4*h**2 - 3*h**2 - 3*h + 3 + 0 + h**2. Calculate the remainder when 47 is divided by q(3).
11
Let k = 29 + -20. Calculate the remainder when 77 is divided by k.
5
Let f = -8 + 39. Let y = -22 + f. What is the remainder when 25 is divided by y?
7
Let h = 31 - 21. What is the remainder when 198/7 + (-6)/21 is divided by h?
8
Let d(p) = p**3 - 9*p**2 - 8*p - 14. Calculate the remainder when 20 is divided by d(10).
2
Suppose 0 = s + s - 5*d + 50, s + 3*d = -3. Calculate the remainder when 63 is divided by (-192)/(-15) + (-3)/s.
11
Let x(w) = -6*w - 1. Let g be x(-1). Suppose 180 = 3*l - v, -3*l - g*v = -2*l - 76. What is the remainder when l is divided by 21?
19
Suppose -7*n + 3*n = 3*a + 21, -4*n + 2*a = 26. Let u(q) = -5*q - 4. What is the remainder when u(n) is divided by 7?
5
Let f = -2 - -5. Suppose f*b = -5*w - 15, -3*b - b - 20 = 5*w. Suppose -2*z = -w*z - 20. What is the remainder when z is divided by 3?
1
Suppose 181*z - 182*z + 65 = 0. Calculate the remainder when z is divided by 15.
5
Suppose -2*v + 3*v = -3*g - 6, 0 = 5*v. Calculate the remainder when (0 + -1)/(g/180) is divided by 23.
21
Let u = 16 - -2. Suppose -2*r + 199 = 189. What is the remainder when u is divided by r?
3
Let c(b) = b**3 - 5*b**2 - 6*b - 2. Let y = -5 - -12. What is the remainder when c(y) is divided by 19?
16
Suppose -m = 3*m + 16. Let a be -2 - (m + -1*2). Suppose 4*g = 8, a*g + 14 = -s + 36. What is the remainder when 26 is divided by s?
12
Suppose -4*g + 4*u - 24 = 0, g - 4*u = -1 - 2. Calculate the remainder when 2 - ((g - 1) + 2) is divided by 3.
2
Suppose 0*l - 3*l = -12, -g - 2*l + 2 = 0. Let m = 14 + g. What is the remainder when 14 is divided by m?
6
Suppose -2*k = k - 12. Calculate the remainder when 15 is divided by k.
3
Suppose n = -z + 6, -z - 9*n - 14 = -4*n. Let m = 38 - z. Calculate the remainder when 79 is divided by m.
25
Let g = 47 - 20. Calculate the remainder when g is divided by 14.
13
Suppose -2*o = 2, 4*s = 4*o + o - 11. Let c be 0 - s/(-2 + 0). Calculate the remainder when c*1 - (5 - 24) is divided by 9.
8
Suppose 0*f - 33 = -3*f. Suppose -4*w + w +